{"id":393,"date":"2013-07-31T09:13:45","date_gmt":"2013-07-31T09:13:45","guid":{"rendered":"https:\/\/eltalleracc.ambientals.com\/preus-2\/"},"modified":"2015-09-02T15:37:10","modified_gmt":"2015-09-02T15:37:10","slug":"preus","status":"publish","type":"page","link":"https:\/\/eltalleracc.ambientals.com\/es\/preus\/","title":{"rendered":"PRECIOS"},"content":{"rendered":"<p>Estos son los precios de nuestras rutas. Incluyen el alojamiento en habitaci\u00f3n doble, en hoteles categor\u00eda turista y casas rurales, en r\u00e9gimen de pensi\u00f3n completa sin bebidas adicionales; el transporte de maletas de un lugar a otro y de viajeros, en caso de que el dise\u00f1o de la ruta lo requiera; y el guiaje por parte de un gu\u00eda titulado que acompa\u00f1ar\u00e1 a los viajeros durante la ruta de senderismo, explic\u00e1ndoles las singularidades del paisaje y del entorno. Los alojamientos podr\u00e1n variar en funci\u00f3n de las fechas y la disponibilidad. El seguro es obligatorio y est\u00e1 incluido en el precio total, desde la agencia os proporcionar\u00e1n un resumen de las coberturas y las condiciones generales antes de hacer la reserva definitiva.<\/p>\n<p>Todas las rutas llevan incluido en su precio el impuesto de valor a\u00f1adido.<\/p>\n<p><strong>\u00a0<\/strong><\/p>\n","protected":false},"excerpt":{"rendered":"<p>Estos son los precios de nuestras rutas. Incluyen el alojamiento en habitaci\u00f3n doble, en hoteles categor\u00eda turista y casas rurales, en r\u00e9gimen de pensi\u00f3n completa sin bebidas adicionales; el transporte de maletas de un lugar a otro y de viajeros, en caso de que el dise\u00f1o de la ruta lo requiera; y el guiaje por [&hellip;]<\/p>\n","protected":false},"author":2,"featured_media":0,"parent":0,"menu_order":0,"comment_status":"open","ping_status":"open","template":"page-preus.php","meta":{"_acf_changed":false,"footnotes":""},"class_list":["post-393","page","type-page","status-publish","hentry"],"acf":[],"aioseo_notices":[],"_links":{"self":[{"href":"https:\/\/eltalleracc.ambientals.com\/es\/wp-json\/wp\/v2\/pages\/393","targetHints":{"allow":["GET"]}}],"collection":[{"href":"https:\/\/eltalleracc.ambientals.com\/es\/wp-json\/wp\/v2\/pages"}],"about":[{"href":"https:\/\/eltalleracc.ambientals.com\/es\/wp-json\/wp\/v2\/types\/page"}],"author":[{"embeddable":true,"href":"https:\/\/eltalleracc.ambientals.com\/es\/wp-json\/wp\/v2\/users\/2"}],"replies":[{"embeddable":true,"href":"https:\/\/eltalleracc.ambientals.com\/es\/wp-json\/wp\/v2\/comments?post=393"}],"version-history":[{"count":11,"href":"https:\/\/eltalleracc.ambientals.com\/es\/wp-json\/wp\/v2\/pages\/393\/revisions"}],"predecessor-version":[{"id":700,"href":"https:\/\/eltalleracc.ambientals.com\/es\/wp-json\/wp\/v2\/pages\/393\/revisions\/700"}],"wp:attachment":[{"href":"https:\/\/eltalleracc.ambientals.com\/es\/wp-json\/wp\/v2\/media?parent=393"}],"curies":[{"name":"wp","href":"https:\/\/api.w.org\/{rel}","templated":true}]}}

<p>Estos son los precios de nuestras rutas. Incluyen el alojamiento en habitación doble, en hoteles categoría turista y casas rurales, en régimen de pensión completa sin bebidas adicionales; el transporte de maletas de un lugar a otro y de viajeros, en caso de que el diseño de la ruta lo requiera; y el guiaje por parte de un guía titulado que acompañará a los viajeros durante la ruta de senderismo, explicándoles las singularidades del paisaje y del entorno. Los alojamientos podrán variar en función de las fechas y la disponibilidad. El seguro es obligatorio y está incluido en el precio total, desde la agencia os proporcionarán un resumen de las coberturas y las condiciones generales antes de hacer la reserva definitiva.</p>
<p>Todas las rutas llevan incluido en su precio el impuesto de valor añadido.</p>
<p><strong> </strong></p>

<p>Estos son los precios de nuestras rutas. Incluyen el alojamiento en habitación doble, en hoteles categoría turista y casas rurales, en régimen de pensión completa sin bebidas adicionales; el transporte de maletas de un lugar a otro y de viajeros, en caso de que el diseño de la ruta lo requiera; y el guiaje por [&hellip;]</p>
